59)) composite?
False
Suppose 2*d = -5*a + 7 - 4, d = 5*a - 6. Is (-2 - d) + (-7)/((-7)/23804) composite?
True
Let k(r) = r**3 - 7*r**2 - 9*r + 14. Let a be k(8). Is 133018/14 + (-13)/(273/a) a composite number?
True
Let m(v) = -v + 6. Let g be m(5). Let l = 1022 + -632. Is 1*(g + l) + -2 prime?
True
Let m(f) = -160*f + 51. Suppose -4*u + 0*v + 4*v - 64 = 0, -68 = 4*u - 3*v. Is m(u) composite?
False
Is 124171*((-48)/(-12) - 3) a composite number?
False
Let d = -2516 - -2521. Let j(g) = -196*g + 16. Let u(s) = 196*s - 15. Let o(t) = -6*j(t) - 5*u(t). Is o(d) a prime number?
False
Suppose -5*r + 10241 = -4*s, -697 = r - 3*s - 2732. Is r prime?
True
Let i = 64593 + -30716. Suppose -17*d = 5*b - 13*d - 42385, -3*d = -4*b + i. Is b a prime number?
False
Let x = -782832 - -1210925. Is x prime?
True
Is -613093*2*(1/(-6) - (-53)/(-159)) prime?
False
Let p(i) = i**2 + 87*i - 587. Is p(67) a composite number?
True
Let p be (-269*(-2 - 1))/((-9)/(-192)). Let v = p + -10863. Is v a composite number?
False
Let n = 223 - 218. Suppose n*d + 39874 = 5*r + 10354, -11811 = -2*r - d. Is r composite?
True
Suppose -66 = -3*o + 48. Let j = o + -34. Is 1 - j/(-4) - -219 composite?
True
Suppose -108875 = -4*l - 11023. Suppose -l = -9*r + 43532. Is r a composite number?
True
Let d = 276 - 375. Let r = d + 1414. Is r prime?
False
Let t = -39 - -41. Suppose -5*r + 0 = -10. Is (-5 - (-989)/r)*t prime?
False
Let g be (48050/15)/(26/117). Let a = g - 6754. Is a composite?
True
Suppose -3*w - 3*t = -5*w + 965, 0 = w + t - 490. Let o = 283 + -103. Let u = w - o. Is u composite?
False
Let h = -564 + 568. Suppose 0 = 14*j - h*j - 8770. Is j a composite number?
False
Is (-1333191)/2*(-27)/(2592/64) composite?
True
Suppose 1 = 5*s - 9. Suppose -y + 421 = 4*c, s*c = 3*c - 2*y - 112. Let a = c + -75. Is a a prime number?
True
Let q(m) = 875202*m**3 - 19*m**2 + 22*m - 4. Is q(1) a composite number?
False
Let d(a) = -85463*a - 30. Is d(-1) composite?
True
Suppose -20*a + 21*a - 215634 = -k, -13*a = k - 2803158. Is a a composite number?
True
Suppose 28*t - 1778022 = 777118. Is t a prime number?
False
Suppose -62*q + 25488688 = -33576666. Is q a prime number?
True
Let g = -43281 + 157978. Is g composite?
True
Is 5*(101856 + -11) + -22 composite?
False
Let l(w) = 2*w**2 - 7*w - 15. Let k be l(5). Suppose k = 11*p - 7*p. Suppose -3*q + 4*q - 1069 = p. Is q prime?
True
Let z be (4875/(-26))/((-1)/44)*-1. Let s = 5303 - z. Is s a composite number?
False
Suppose 16*q = 19*q. Suppose q = 4*k + 7 + 37. Is 128 - 0 - (k + 8) prime?
True
Let q(j) = j**3 - 7*j**2 - 3*j - 6. Let u be q(11). Suppose i = 6*i - 10. Suppose 0 = -o + 4*s + u + 190, 1265 = i*o - 3*s. Is o a prime number?
True
Let y be (-42)/28*4/3. Is y/6*13127*(-3)/1 a prime number?
True
Let y(t) = -4*t**2 + 19*t - 3. Let v be y(9). Let c = 3330 - 1097. Let p = c - v. Is p a composite number?
False
Let h = -64 - -67. Suppose 1 - 4 = -h*s. Is (41 + 6)*(20 - s)*1 a composite number?
True
Let k(z) = z**3 - 2*z**2 - z - 1. Let f be k(3). Suppose -4*y + y = -f*r + 29709, 0 = -3*y + 6. Suppose -57*j = -54*j - r. Is j composite?
True
Suppose 0 = 5*o + n - 13 + 3, -2*o = -5*n - 4. Suppose -5*z = -20, -2*t + 2341 = -t + o*z. Is t composite?
False
Let s(y) = -3*y**3 - 3*y**2 - y + 42043. Is s(0) a prime number?
True
Let f be ((-5)/2 + 2)*-10. Suppose -15*h - 2812 = -17*h + 3*q, -3*h - f*q = -4237. Is h composite?
False
Suppose 5*o + 1 = 3*h, -1 = 3*h - 7*o + 3*o. Is (-46 - 6)*h/4 a prime number?
False
Let d(p) = 525293*p. Is d(1) a prime number?
False
Let i = 39 + -56. Let q = 21 + i. Suppose -6709 = -q*z + 3*h, 3*z + 0*h - h - 5038 = 0. Is z composite?
True
Let g = 4740 + 14293. Is g prime?
False
Suppose -2*c = -v - 3*c + 171, -156 = -v + 4*c. Suppose 0 = 10*d - 5702 - v. Is d a prime number?
True
Suppose -4*a + 3*b = -36, 9*a - 6*a = b + 22. Suppose 3*d = d - a, -794 = -u - 3*d. Is u prime?
False
Let b(r) be the third derivative of r**6/24 - 3*r**5/20 + r**4/12 - 7*r**3/6 - 180*r**2. Is b(11) composite?
False
Let z(j) = 2*j**3 + 288*j**2 - 1621*j + 147. Is z(-138) composite?
True
Let p(d) = -24*d + 148. Let x be p(6). Is 12*(-4)/(8 + x) + 959 composite?
True
Let f = -51113 - -75012. Is f prime?
True
Is (5/10)/(-1*(-1)/14122) a composite number?
True
Let y(z) = -z**3 + 2*z**2 - 38*z + 467581. Is y(0) prime?
False
Let i be (-1272)/(18/3)*(-2)/8. Suppose 142 = 3*z - i. Is z a composite number?
True
Suppose -4*x + 2*h + 661698 = 0, -186366 = -x + 4*h - 20917. Is x a composite number?
True
Suppose -5*a - 2*s = -50, 2 = -a + 2*s - 0. Suppose a*u - 4176 = 6*u. Suppose -3*t - 2*t + 2100 = 5*k, -5*t = k - u. Is t prime?
False
Suppose 5*o + 5*p = 35, 3*p = p. Let q(n) = -2*n**2 + 12*n + 5. Let m be q(o). Is 2/2*(1982 + m) a prime number?
True
Let c(s) be the second derivative of 56*s**5/5 + s**3/3 + 19*s. Let m be c(2). Suppose -3*w + m + 1693 = 0. Is w prime?
True
Let b be (-9 + -3)*(-4)/(-3). Let i = 41 + b. Let t = i - -134. Is t a composite number?
True
Let c(n) = n**3 - 3*n**2 + n. Let j be c(3). Suppose 2*x - j*i - 3426 = -x, 0 = -2*i - 8. Suppose 5*u - x = 327. Is u prime?
True
Let n(j) = -9*j + 315. Let h be n(35). Is (2/(-6))/(h + 1/(-23757)) a prime number?
True
Suppose 0 = -9*z - z + 20. Is 63658/(-56)*((4 - z) + -6) composite?
False
Let j = 5310 + 2342. Suppose -j = -w + 65. Is w prime?
True
Let a(l) = -7*l - 187. Let p be a(-27). Is (-2874)/9*6/(-8)*p a composite number?
False
Let l be (0*(6/(-4) + 1))/1. Let i(n) = n**3 - 2*n**2 + 223. Is i(l) a prime number?
True
Is (4 - 5350090/(-60)) + (-15)/72*-4 prime?
False
Let y(j) = -451*j + 73. Suppose 9*r + 50 + 4 = 0. Is y(r) composite?
True
Suppose -67*j = -61*j - 812658. Suppose 0 = 6*s + 29561 - j. Is s prime?
False
Suppose 6*g - 4*d - 159762 = 0, -51*g - 4*d = -46*g - 133135. Is g a prime number?
True
Suppose 4*m - 2*w - 298336 = 0, 3*w - 223725 = -223*m + 220*m. Is m a composite number?
True
Is (-131446)/(-50) + (-112)/(-1400) a composite number?
True
Suppose -3941443 - 1182394 = -142*i + 99*i. Is i prime?
True
Suppose -48 = 63*r - 57*r. Is -14*(1 + 1 + 1884/r) prime?
False
Suppose 0 = 56*q - 59*q - 82815. Let f = -19252 - q. Is f composite?
False
Suppose z = 4*w - 23122, -6*w - z = -2*w - 23110. Is w a composite number?
False
Let l = -119 + 121. Is (l + -3)/((-7)/40453) a composite number?
False
Let d(o) = 643*o**2 + 12*o + 25. Let s be d(-3). Let f = s - 3383. Is f composite?
False
Suppose 0 = -6*m + 703 + 11. Let k = 139 - m. Suppose 0 = -5*n + k, -2*a - 2*a + 1032 = -n. Is a a composite number?
True
Let u(k) = 3*k**3 - 30*k**2 + 38*k + 34. Let l be u(20). Suppose 8 = -2*p, -28922 = -4*h + 2*p + l. Is h composite?
False
Suppose 50*u - 77154211 = -4*u - 19*u. Is u composite?
True
Suppose v - 4 = 0, 0 = 3*c + 5*v - 12 - 14. Suppose -2*f + 143 = 5*b, 0 = c*f - b - 140 - 33. Let a = -29 + f. Is a a prime number?
False
Suppose 0 = 5*w - 2*n - 6443, 3*w - 4*n = -2*n + 3865. Suppose -8*g - w = -3*x - 9*g, -16 = 4*g. Is x composite?
False
Suppose -4*c + 6*c - 4*k - 208842 = 0, 2*c - 208839 = 5*k. Suppose 0 = 18*i + c - 303273. Is i prime?
True
Let q(t) = 19 - 34 - 6*t - 2*t + 16 + 14*t**2. Let n be q(-6). Suppose 23*u + n = 30*u. Is u prime?
True
Suppose 0 = 4*b - 20, 4*b + 44 = 2*c + 2*b. Suppose -17*p = -37*p + 6*p + 3892. Let x = p - c. Is x composite?
False
Is ((-20)/(-3))/((-664)/(-71966478)) a composite number?
True
Suppose -400 = 18*c - 13*c. Is 427/2*(c/(-10) - 6) a composite number?
True
Let i(l) be the second derivative of -317*l**3/6 - 5*l**2/2 + 195*l. Let w = -6 + 4. Is i(w) a composite number?
True
Suppose b = 5*p - 81271, 3*b - 28316 = -2*p + 4206. Is p prime?
False
Let a be 501 - (29/(-9) - (-4)/18). Let l = a - -259. Is l composite?
True
Let l(u) = -107941*u - 1449. Is l(-2) a prime number?
True
Suppose -129*r + 44*r - 212*r = -7133643. Is r prime?
True
Suppose -18*u = -6*u - 23*u. Suppose 2*b - b - 5*c - 642 = u, 0 = -c + 1. Is b a prime number?
True
Suppose -3*k - k + 21 = -3*a, 3*a + 15 = 2*k. Let u be k/(-7) - (-3225)/175. Suppose 17*o = u*o - 211. Is o a prime number?
True
Let m = -64 + 58. Is (-183042)/(-54) - (-4)/m prime?
True
Suppose 23*b = -245 - 583. Is (4/b*3)/(3/(-106371)) prime?
False
Let r(p) = -1197*p**3 + 14*p - 1 - 15*p + 2 - p**2. Let v be r(-1). Suppose